e 15.
c0
What is -34 (base 13) in base 14?
-31
Convert -14 (base 8) to base 11.
-11
510 (base 7) to base 2
11111100
-100011 (base 2) to base 7
-50
1a (base 11) to base 12
19
Convert c (base 16) to base 4.
30
-11 (base 11) to base 3
-110
16 (base 10) to base 16
10
Convert 212 (base 3) to base 10.
23
What is 16 (base 12) in base 6?
30
What is 122 (base 3) in base 2?
10001
What is -103 (base 5) in base 8?
-34
Convert -133 (base 4) to base 9.
-34
12 (base 9) to base 10
11
-202 (base 5) to base 6
-124
b (base 12) to base 13
b
What is -275 (base 11) in base 3?
-110000
What is -2 (base 6) in base 5?
-2
What is 3 (base 9) in base 7?
3
324 (base 7) to base 13
c9
Convert -250 (base 8) to base 16.
-a8
-6 (base 15) to base 11
-6
Convert -27 (base 11) to base 12.
-25
Convert 34 (base 9) to base 7.
43
-6 (base 11) to base 2
-110
What is 226 (base 8) in base 9?
176
-12 (base 13) to base 15
-10
-5 (base 14) to base 4
-11
-16 (base 16) to base 15
-17
What is 14b (base 15) in base 4?
10220
What is -10 (base 12) in base 3?
-110
What is -6 (base 14) in base 10?
-6
Convert 231 (base 8) to base 6.
413
-10 (base 3) to base 6
-3
1 (base 7) to base 16
1
-61 (base 9) to base 16
-37
What is -43 (base 6) in base 2?
-11011
What is 20 (base 3) in base 9?
6
Convert 11 (base 2) to base 3.
10
210 (base 3) to base 10
21
4 (base 16) to base 10
4
-35 (base 12) to base 8
-51
What is -1 (base 6) in base 15?
-1
What is 5 (base 15) in base 4?
11
122 (base 4) to base 10
26
-110 (base 2) to base 10
-6
42 (base 6) to base 13
20
Convert 61 (base 11) to base 14.
4b
What is 13 (base 8) in base 11?
10
Convert -26 (base 16) to base 9.
-42
Convert -1 (base 7) to base 8.
-1
Convert -3 (base 10) to base 12.
-3
Convert -162 (base 7) to base 3.
-10110
Convert 10 (base 4) to base 8.
4
0 (base 10) to base 8
0
What is 1 (base 5) in base 14?
1
What is -36 (base 12) in base 16?
-2a
What is 3 (base 7) in base 10?
3
Convert -1120 (base 3) to base 12.
-36
200 (base 6) to base 14
52
What is 1 (base 11) in base 12?
1
-9 (base 12) to base 14
-9
-35 (base 11) to base 13
-2c
-24 (base 6) to base 2
-10000
Convert 46 (base 8) to base 4.
212
4 (base 5) to base 10
4
What is -112 (base 5) in base 10?
-32
What is 241 (base 8) in base 9?
188
What is -13 (base 5) in base 8?
-10
13 (base 10) to base 4
31
e (base 16) to base 2
1110
What is -101001111 (base 2) in base 6?
-1315
Convert 7 (base 13) to base 9.
7
What is -5 (base 10) in base 16?
-5
What is -3 (base 16) in base 13?
-3
-1001011 (base 2) to base 8
-113
19 (base 13) to base 11
20
Convert 11 (base 11) to base 15.
c
-22 (base 12) to base 3
-222
-3 (base 12) to base 11
-3
What is 57 (base 15) in base 13?
64
What is 1 (base 16) in base 7?
1
-84 (base 9) to base 2
-1001100
Convert 6 (base 15) to base 4.
12
-1011101 (base 2) to base 9
-113
36 (base 11) to base 4
213
Convert -22 (base 4) to base 2.
-1010
1 (base 9) to base 7
1
What is 3 (base 15) in base 9?
3
Convert 7 (base 13) to base 15.
7
Convert 162 (base 8) to base 4.
1302
Convert -2 (base 16) to base 13.
-2
Convert 0 (base 5) to base 12.
0
What is -1b (base 13) in base 12?
-20
Convert 81 (base 15) to base 7.
232
Convert -248 (base 11) to base 4.
-10212
What is -24 (base 8) in base 6?
-32
What is -7 (base 11) in base 15?
-7
What is -59 (base 15) in base 8?
-124
What is b (base 12) in base 8?
13
What is 4c (base 16) in base 15?
51
Convert 1 (base 7) to base 15.
1
-2 (base 7) to base 15
-2
Convert 100 (base 2) to base 4.
10
Convert 11102 (base 3) to base 14.
87
What is 33 (base 16) in base 2?
110011
-12c (base 14) to base 4
-3230
What is -44 (base 6) in base 15?
-1d
What is -11313 (base 4) in base 10?
-375
-101 (base 2) to base 8
-5
3 (base 8) to base 7
3
-6 (base 8) to base 2
-110
Convert -110 (base 2) to base 8.
-6
-1203 (base 4) to base 9
-120
What is -44 (base 15) in base 11?
-59
What is 330 (base 6) in base 5?
1001
-2001 (base 3) to base 9
-61
What is 20 (base 3) in base 7?
6
What is -12 (base 3) in base 12?
-5
Convert -4 (base 10) to base 5.
-4
Convert 102 (base 10) to base 14.
74
-13 (base 4) to base 13
-7
What is -1303 (base 4) in base 13?
-8b
Convert -96 (base 15) to base 3.
-12020
-15 (base 7) to base 5
-22
What is 1120 (base 3) in base 9?
46
What is 0 (base 14) in base 13?
0
Convert -30 (base 6) to base 2.
-10010
What is -244 (base 5) in base 6?
-202
Convert -10 (base 4) to base 9.
-4
Convert 28 (base 13) to base 4.
202
Convert 1000 (base 2) to base 11.
8
5 (base 12) to base 7
5
What is 36 (base 16) in base 15?
39
Convert 100 (base 3) to base 10.
9
Convert -101 (base 4) to base 16.
-11
Convert -12 (base 6) to base 4.
-20
What is -101 (base 2) in base 11?
-5
Convert -7 (base 15) to base 10.
-7
Convert -131 (base 5) to base 13.
-32
What is 101 (base 3) in base 12?
a
10011010 (base 2) to base 9
181
Convert 73 (base 13) to base 6.
234
What is -255 (base 11) in base 10?
-302
Convert 30 (base 5) to base 13.
12
11 (base 2) to base 5
3
What is -32 (base 14) in base 8?
-54
Convert -110 (base 4) to base 9.
-22
Convert -6 (base 12) to base 3.
-20
Convert -1100 (base 4) to base 15.
-55
-5 (base 7) to base 5
-10
-2 (base 16) to base 15
-2
What is -4 (base 5) in base 2?
-100
Convert -4 (base 13) to base 9.
-4
What is 506 (base 8) in base 16?
146
What is -11 (base 2) in base 9?
-3
-5 (base 14) to base 9
-5
14 (base 14) to base 3
200
-7 (base 12) to base 6
-11
What is 10 (base 2) in base 4?
2
Convert 121 (base 8) to base 5.
311
What is -1403 (base 5) in base 10?
-228
Convert 201 (base 3) to base 11.
18
What is -22 (base 3) in base 7?
-11
Convert 6 (base 14) to base 13.
6
Convert -8 (base 11) to base 13.
-8
0 (base 10) to base 7
0
Convert 12 (base 12) to base 16.
e
What is -12 (base 3) in base 4?
-11
What is 2 (base 16) in base 14?
2
What is -12 (base 8) in base 11?
-a
0 (base 9) to base 3
0
What is a (base 14) in base 8?
12
246 (base 7) to base 9
156
What is 5 (base 14) in base 6?
5
Convert -3322 (base 4) to base 6.
-1054
What is -2 (base 6) in base 12?
-2
What is -6 (base 10) in base 13?
-6
Convert 11101001 (base 2) to base 7.
452
Convert 16 (base 14) to base 11.
19
What is -22 (base 15) in base 12?
-28
10110111 (base 2) to base 13
111
400 (base 5) to base 3
10201
What is -5 (base 7) in base 9?
-5
-6 (base 12) to base 2
-110
What is 35 (base 14) in base 7?
65
-b9 (base 15) to base 9
-213
-10000 (base 2) to base 8
-20
Convert -1 (base 5) to base 16.
-1
What is -11 (base 3) in base 5?
-4
What is -20 (base 8) in base 3?
-121
What is -51 (base 12) in base 8?
-75
What is 41 (base 5) in base 16?
15
What is -3 (base 10) in base 3?
-10
Convert 5 (base 14) to base 8.
5
What is 68 (base 12) in base 6?
212
1 (base 2) to base 5
1
1 (base 13) to base 14
1
What is 11 (base 2) in base 7?
3
What is -62 (base 13) in base 12?
-68
What is 10 (base 13) in base 14?
d
-19 (base 12) to base 4
-111
What is 69 (base 10) in base 6?
153
What is -2d (base 16) in base 4?
-231
364 (base 9) to base 7
610
Convert 13 (base 14) to base 16.
11
110 (base 5) to base 15
20
What is -a (base 11) in base 7?
-13
What is 120 (base 9) in base 4?
1203
What is 14 (base 8) in base 10?
12
36 (base 12) to base 5
132
What is 121 (base 3) in base 13?
13
Convert 1 (base 6) to base 12.
1
What is -11 (base 2) in base 13?
-3
Convert 1000 (base 6) to base 4.
3120
111 (base 6) to base 3
1121
3 (base 14) to base 9
3
What is -1012 (base 3) in base 5?
-112
Convert 5 (base 14) to base 9.
5
What is 12 (base 9) in base 15?
b
What is -2 (base 9) in base 8?
-2
What is 6 (base 15) in base 9?
6
Convert -66 (base 16) to base 2.
-1100110
What is 31 (base 5) in base 16?
10
What is -3 (base 9) in base 5?
-3
Convert 100 (base 2) to base 5.
4
9 (base 11) to base 3
100
12 (base 8) to base 4
22
-2 (base 11) to base 13
-2
What is 1010010 (base 2) in base 4?
1102
1 (base 9) to base 15
1
-70 (base 16) to base 5
-422
-41 (base 14) to base 9
-63
What is -143 (base 5) in base 15?
-33
Convert 32 (base 16) to base 3.
1212
346 (base 10) to base 15
181
Convert -2 (base 7) to base 14.
-2
Convert a (base 16) to base 3.
101
Convert -92 (base 15) to base 4.
-2021
-1011 (base 2) to base 9
-12
Convert -3 (base 8) to base 7.
-3
What is -33 (base 6) in base 5?
-41
What is 85 (base 12) in base 5?
401
What is 94 (base 12) in base 6?
304
-2 (base 6) to base 3
-2
-10011 (base 2) to base 16
-13
0 (base 7) to